{"id":38,"date":"2021-12-02T07:09:26","date_gmt":"2021-12-02T07:09:26","guid":{"rendered":"http:\/\/www.archiv.org.lv\/diaspora\/ziverti\/?page_id=38"},"modified":"2025-08-25T09:56:24","modified_gmt":"2025-08-25T06:56:24","slug":"beautiful-portfolios-for-exceptional-creatives","status":"publish","type":"page","link":"https:\/\/diaspora.arhivi.lv\/ziverti\/","title":{"rendered":""},"content":{"rendered":"\n<div class=\"wp-block-columns is-layout-flex wp-container-core-columns-is-layout-28f84493 wp-block-columns-is-layout-flex\">\n<div class=\"wp-block-column is-vertically-aligned-center is-layout-flow wp-block-column-is-layout-flow\">\n<figure class=\"wp-block-image aligncenter size-large is-resized\"><img loading=\"lazy\" decoding=\"async\" width=\"706\" height=\"1024\" src=\"http:\/\/www.archiv.org.lv\/diaspora\/ziverti\/wp-content\/uploads\/2022\/01\/3-1-706x1024.jpg\" alt=\"\" class=\"wp-image-498\" style=\"width:289px;height:419px\" srcset=\"https:\/\/diaspora.arhivi.lv\/ziverti\/wp-content\/uploads\/2022\/01\/3-1-706x1024.jpg 706w, https:\/\/diaspora.arhivi.lv\/ziverti\/wp-content\/uploads\/2022\/01\/3-1-207x300.jpg 207w, https:\/\/diaspora.arhivi.lv\/ziverti\/wp-content\/uploads\/2022\/01\/3-1-768x1113.jpg 768w, https:\/\/diaspora.arhivi.lv\/ziverti\/wp-content\/uploads\/2022\/01\/3-1-1060x1536.jpg 1060w, https:\/\/diaspora.arhivi.lv\/ziverti\/wp-content\/uploads\/2022\/01\/3-1-1413x2048.jpg 1413w, https:\/\/diaspora.arhivi.lv\/ziverti\/wp-content\/uploads\/2022\/01\/3-1.jpg 1624w\" sizes=\"auto, (max-width: 706px) 100vw, 706px\" \/><figcaption class=\"wp-element-caption\"><mark style=\"background-color:rgba(0, 0, 0, 0)\" class=\"has-inline-color has-white-color\">  <\/mark><mark style=\"background-color:rgba(0, 0, 0, 0);color:#c1c5c6\" class=\"has-inline-color\">Alise Gail\u012bte-Z\u012bverte  dzimusi 1911. gada 16. j\u016blij\u0101 B\u0113rlington\u0101, Aiov\u0101, ASV, mirusi 2005. gada 21. j\u016blij\u0101 \u0145ujork\u0101, ASV.  <\/mark><\/figcaption><\/figure>\n<\/div>\n\n\n\n<div class=\"wp-block-column is-vertically-aligned-center is-layout-flow wp-block-column-is-layout-flow\">\n<figure class=\"wp-block-image aligncenter size-large is-resized\"><img loading=\"lazy\" decoding=\"async\" width=\"699\" height=\"1024\" src=\"http:\/\/www.archiv.org.lv\/diaspora\/ziverti\/wp-content\/uploads\/2022\/01\/4-1-699x1024.jpg\" alt=\"\" class=\"wp-image-499\" style=\"width:288px;height:421px\" srcset=\"https:\/\/diaspora.arhivi.lv\/ziverti\/wp-content\/uploads\/2022\/01\/4-1-699x1024.jpg 699w, https:\/\/diaspora.arhivi.lv\/ziverti\/wp-content\/uploads\/2022\/01\/4-1-205x300.jpg 205w, https:\/\/diaspora.arhivi.lv\/ziverti\/wp-content\/uploads\/2022\/01\/4-1-768x1125.jpg 768w, https:\/\/diaspora.arhivi.lv\/ziverti\/wp-content\/uploads\/2022\/01\/4-1-1049x1536.jpg 1049w, https:\/\/diaspora.arhivi.lv\/ziverti\/wp-content\/uploads\/2022\/01\/4-1-1398x2048.jpg 1398w, https:\/\/diaspora.arhivi.lv\/ziverti\/wp-content\/uploads\/2022\/01\/4-1.jpg 1614w\" sizes=\"auto, (max-width: 699px) 100vw, 699px\" \/><figcaption class=\"wp-element-caption\"> <mark style=\"background-color:rgba(0, 0, 0, 0);color:#c1c5c6\" class=\"has-inline-color\">Manfreds Z\u012bverts dzimis 1925.gada 4.febru\u0101r\u012b R\u012bg\u0101, miris 2017.gada 24.novembr\u012b \u0145ujork\u0101, ASV.  <\/mark><\/figcaption><\/figure>\n<\/div>\n<\/div>\n\n\n\n<p class=\"has-text-align-center has-background\" style=\"background-color:#5f0643\">Alise un Manfreds Z\u012bverti&nbsp;\u2013 Latvijas Valsts arh\u012bva dokumentu glab\u0101tais st\u0101sts par diviem jauniem cilv\u0113kiem, kuru kop\u012bgais ce\u013c\u0161 s\u0101k\u0101s V\u0101cijas b\u0113g\u013cu nometn\u0113s un turpin\u0101j\u0101s \u0145ujork\u0101 ASV, abiem k\u013c\u016bstot par akt\u012bviem latvie\u0161u trimdas sabiedriskajiem darbiniekiem un fotogr\u0101fiem.<\/p>\n\n\n\n<p class=\"has-text-align-center has-background\" style=\"background-color:#a46c92\">Vi\u0146u atst\u0101t\u0101s liec\u012bbas st\u0101sta par vi\u0146u m\u012blest\u012bbu pret dz\u012bvi vien\u0101 no pasaules liel\u0101kaj\u0101m pils\u0113t\u0101m. Z\u012bverti bija kaisl\u012bgi m\u0101kslas, literat\u016bras, m\u016bzikas un baleta m\u012b\u013cot\u0101ji un lieliski fotogr\u0101fi, kuri katru z\u012bm\u012bgu latvie\u0161u kult\u016bras sar\u012bkojumu iem\u016b\u017ein\u0101ja gan melnbaltos vai kr\u0101su uz\u0146\u0113mumos, gan film\u0101s. Vi\u0146u uz\u0146emt\u0101s fotogr\u0101fijas k\u013cuvu\u0161as par noz\u012bm\u012bgu kult\u016brv\u0113sturisku mantojumu, atainojot trimdas latvie\u0161u dz\u012bvi sve\u0161um\u0101 ASV.<\/p>\n\n\n\n<p class=\"has-text-align-center has-background\" style=\"background-color:#5f0643\">Vi\u0146a&nbsp;\u2013 daudzk\u0101rt\u0113ja \u010dempione un Latvijas pirm\u0101s sievie\u0161u basketbola izlases dal\u012bbniece, vi\u0146\u0161&nbsp;\u2013 biju\u0161ais le\u0123ion\u0101rs un students b\u0113g\u013cu nometn\u0113. Kop\u0101 vi\u0146i bija viens vesels&nbsp;\u2013 k\u0101 dz\u012bv\u0113, t\u0101 aiz fotokameras.<\/p>\n\n\n\n<div class=\"wp-block-group alignfull has-text-color has-background is-layout-flow wp-block-group-is-layout-flow\" style=\"color:#6b0872;background-color:#5f0643\"><\/div>\n\n\n\n<div class=\"wp-block-group alignfull has-text-color is-layout-flow wp-block-group-is-layout-flow\" style=\"color:#6d0b88\"><\/div>\n","protected":false},"excerpt":{"rendered":"<p>Alise un Manfreds Z\u012bverti&nbsp;\u2013 Latvijas Valsts arh\u012bva dokumentu glab\u0101tais st\u0101sts par diviem jauniem cilv\u0113kiem, kuru kop\u012bgais ce\u013c\u0161 s\u0101k\u0101s V\u0101cijas b\u0113g\u013cu nometn\u0113s un turpin\u0101j\u0101s \u0145ujork\u0101 ASV, abiem k\u013c\u016bstot par akt\u012bviem latvie\u0161u trimdas sabiedriskajiem darbiniekiem un fotogr\u0101fiem. Vi\u0146u atst\u0101t\u0101s liec\u012bbas st\u0101sta par vi\u0146u m\u012blest\u012bbu pret dz\u012bvi vien\u0101 no pasaules liel\u0101kaj\u0101m pils\u0113t\u0101m. Z\u012bverti bija kaisl\u012bgi m\u0101kslas, literat\u016bras, m\u016bzikas &hellip; <\/p>\n<p class=\"link-more\"><a href=\"https:\/\/diaspora.arhivi.lv\/ziverti\/\" class=\"more-link\">Read more<span class=\"screen-reader-text\"> &#8220;&#8221;<\/span><\/a><\/p>\n","protected":false},"author":1,"featured_media":37,"parent":0,"menu_order":0,"comment_status":"closed","ping_status":"closed","template":"","meta":{"inspiro_hide_title":false,"footnotes":""},"class_list":["post-38","page","type-page","status-publish","has-post-thumbnail","hentry"],"_links":{"self":[{"href":"https:\/\/diaspora.arhivi.lv\/ziverti\/wp-json\/wp\/v2\/pages\/38","targetHints":{"allow":["GET"]}}],"collection":[{"href":"https:\/\/diaspora.arhivi.lv\/ziverti\/wp-json\/wp\/v2\/pages"}],"about":[{"href":"https:\/\/diaspora.arhivi.lv\/ziverti\/wp-json\/wp\/v2\/types\/page"}],"author":[{"embeddable":true,"href":"https:\/\/diaspora.arhivi.lv\/ziverti\/wp-json\/wp\/v2\/users\/1"}],"replies":[{"embeddable":true,"href":"https:\/\/diaspora.arhivi.lv\/ziverti\/wp-json\/wp\/v2\/comments?post=38"}],"version-history":[{"count":87,"href":"https:\/\/diaspora.arhivi.lv\/ziverti\/wp-json\/wp\/v2\/pages\/38\/revisions"}],"predecessor-version":[{"id":1547,"href":"https:\/\/diaspora.arhivi.lv\/ziverti\/wp-json\/wp\/v2\/pages\/38\/revisions\/1547"}],"wp:featuredmedia":[{"embeddable":true,"href":"https:\/\/diaspora.arhivi.lv\/ziverti\/wp-json\/wp\/v2\/media\/37"}],"wp:attachment":[{"href":"https:\/\/diaspora.arhivi.lv\/ziverti\/wp-json\/wp\/v2\/media?parent=38"}],"curies":[{"name":"wp","href":"https:\/\/api.w.org\/{rel}","templated":true}]}}