{"id":2,"date":"2025-02-05T08:48:53","date_gmt":"2025-02-05T08:48:53","guid":{"rendered":"https:\/\/diaspora.arhivi.lv\/jaunagaita\/?page_id=2"},"modified":"2026-01-29T12:01:34","modified_gmt":"2026-01-29T10:01:34","slug":"sample-page","status":"publish","type":"page","link":"https:\/\/diaspora.arhivi.lv\/jaunagaita\/","title":{"rendered":""},"content":{"rendered":"\n<p><\/p>\n\n\n\n<p><\/p>\n\n\n\n<figure class=\"wp-block-image aligncenter size-large is-resized\"><img loading=\"lazy\" decoding=\"async\" width=\"1024\" height=\"711\" src=\"https:\/\/diaspora.arhivi.lv\/jaunagaita\/wp-content\/uploads\/2025\/10\/LP2017.1256-1024x711.jpg\" alt=\"\" class=\"wp-image-385 ml-lightbox-enabled\" style=\"width:1131px;height:auto\" title=\"No kreis\u0101s: Aivars Ru\u0146\u0123is un Valters Nollendorfs. Zigr\u012bdas Da\u0161kevicas uzaicin\u0101ti ciemos pie m\u0101sas Margaritas Putces (dz. Da\u0161kevicas) Anglij\u0101, 20. gs. 50.-60. gadi. Avots: Latvie\u0161i pasaul\u0113 - muzeja un p\u0113tniec\u012bbas centra kr\u0101jums.\" srcset=\"https:\/\/diaspora.arhivi.lv\/jaunagaita\/wp-content\/uploads\/2025\/10\/LP2017.1256-1024x711.jpg 1024w, https:\/\/diaspora.arhivi.lv\/jaunagaita\/wp-content\/uploads\/2025\/10\/LP2017.1256-300x208.jpg 300w, https:\/\/diaspora.arhivi.lv\/jaunagaita\/wp-content\/uploads\/2025\/10\/LP2017.1256.jpg 1710w\" sizes=\"auto, (max-width: 1024px) 100vw, 1024px\" \/><figcaption class=\"wp-element-caption\"><mark style=\"background-color:rgba(0, 0, 0, 0)\" class=\"has-inline-color has-foreground-color\">No kreis\u0101s: Aivars Ru\u0146\u0123is un <mark style=\"background-color:rgba(0, 0, 0, 0)\" class=\"has-inline-color has-foreground-color\">Valters Nollendorfs<\/mark>. Zigr\u012bdas Da\u0161kevicas uzaicin\u0101ti ciemos pie m\u0101sas Margaritas Putces (dz. Da\u0161kevicas) Anglij\u0101, 20. gs. 50.-60. gadi. Avots: Latvie\u0161i pasaul\u0113 &#8211; muzeja un p\u0113tniec\u012bbas centra kr\u0101jums<\/mark>.<\/figcaption><\/figure>\n\n\n\n<h2 class=\"wp-block-heading has-text-align-center has-foreground-color has-text-color has-link-color has-large-font-size wp-elements-0f3d35f3d6ba2031bc80ac6c9d2aacd4\">\u017dURN\u0100LA DZIM\u0160ANA<\/h2>\n\n\n\n<p class=\"has-text-align-center has-foreground-color has-text-color has-link-color has-medium-font-size wp-elements-11ce264a383e3dc3567177cab075b0a2\"><em>Jaun\u0101 Gaita<\/em> ir \u017eurn\u0101ls, kas vienm\u0113r mekl\u0113jis jaunus gar\u012bgus apv\u0101r\u0161\u0146us, kam nav bailes no jaun\u0101m idej\u0101m un neparastiem izteiksmes l\u012bdzek\u013ciem. \u017durn\u0101la pirmais numurs tika iespiests 1955. gada septembra s\u0101kum\u0101 Augstuma \u0123imenes spiestuv\u0113 Linkoln\u0101 un ofici\u0101li prezent\u0113ts da\u017eas dienas v\u0113l\u0101k Amerikas Latvie\u0161u jaunatnes apvien\u012bbas (ALJA) kongres\u0101 Kl\u012bvlend\u0101. T\u0101 tap\u0161anas pirms\u0101kumi saist\u0101mi ar divu ap\u0146\u0113m\u012bgu jaunie\u0161u Valtera Nollendorfa un Aivara Ru\u0146\u0123a likten\u012bgo tik\u0161anos ALJA kongres\u0101 Indianapolis\u0101 1954. gada novembr\u012b &#8211; notikumu, kas k\u013cuva par pamatu gan vi\u0146u draudz\u012bbai, gan kop\u012bgam redz\u0113jumam par jaunie\u0161u lomu trimdas sabiedrisk\u0101s domas veido\u0161an\u0101.<\/p>\n\n\n\n<p class=\"has-text-align-center has-foreground-color has-text-color has-link-color has-medium-font-size wp-elements-e90586e58028d8e30707e13db812b842\">ALJA pasp\u0101rn\u0113 s\u0101kotn\u0113ji izn\u0101ca redaktora Gun\u0101ra \u0160mita vad\u012btais \u017eurn\u0101ls <em>Raksti, <\/em>ta\u010du praktiski tam bija tikai v\u0101ki bez satura. Jaun\u0101 ALJA valde, kur\u0101 darboj\u0101s Aivars Ru\u0146\u0123is, Valters Nolendorfs, Valdis Mui\u017enieks un Konstant\u012bns Sventeckis, p\u0113c ilg\u0101m diskusij\u0101m par \u017eurn\u0101la turpm\u0101ko darb\u012bbu nol\u0113ma rad\u012bt pavisam jaunu izdevumu, jo \u0160mits atteic\u0101s nodot <em>Rakstu<\/em> materi\u0101lus. Jaun\u0101 \u017eurn\u0101la organiz\u0113\u0161anu uz\u0146\u0113m\u0101s Nollendorfs k\u0101 pirmais redaktors.<\/p>\n\n\n\n<p class=\"has-text-align-center has-foreground-color has-text-color has-link-color has-medium-font-size wp-elements-b1098adf972f496db3136efb9bc1681c\">\u017durn\u0101la nosaukums rad\u0101s p\u0113d\u0113j\u0101 br\u012bd\u012b. Nollendorfs s\u016bt\u012bja v\u0113stules jaunatnes pulci\u0146iem, mekl\u0113jot idejas, bet atbildes nesekoja. Tad vi\u0146\u0161 pats pied\u0101v\u0101ja v\u0101rdu <em>Jaun\u0101 Gaita<\/em>. Dr\u012bz vien nosaukums un j\u0113dziens \u201cjaungaitnieki\u201d k\u013cuva par neat\u0146emamu jaun\u0101s trimdas paaudzes simbolu. &#8220;Jaungaitnieki&#8221;, l\u012bdz\u012bgi k\u0101 jaunlatvie\u0161i un jaunstr\u0101vnieki, ir ie\u0146\u0113mu\u0161i savu noteiktu vietu latvie\u0161u gar\u012bgo str\u0101vojumu vid\u016b.<\/p>\n\n\n\n<div class=\"wp-block-media-text is-stacked-on-mobile has-background\" style=\"background-color:#b2c9df;grid-template-columns:35% auto\"><figure class=\"wp-block-media-text__media\"><img loading=\"lazy\" decoding=\"async\" width=\"680\" height=\"1024\" src=\"https:\/\/diaspora.arhivi.lv\/jaunagaita\/wp-content\/uploads\/2025\/10\/LNA_LVA_F2253_1-v_47-3.-lp.-Valters-Nollendorfs-Minstere-II-Riga-konferences-atklasana-1991.-gads-680x1024.jpg\" alt=\"\" class=\"wp-image-660 size-full\" srcset=\"https:\/\/diaspora.arhivi.lv\/jaunagaita\/wp-content\/uploads\/2025\/10\/LNA_LVA_F2253_1-v_47-3.-lp.-Valters-Nollendorfs-Minstere-II-Riga-konferences-atklasana-1991.-gads-680x1024.jpg 680w, https:\/\/diaspora.arhivi.lv\/jaunagaita\/wp-content\/uploads\/2025\/10\/LNA_LVA_F2253_1-v_47-3.-lp.-Valters-Nollendorfs-Minstere-II-Riga-konferences-atklasana-1991.-gads-199x300.jpg 199w, https:\/\/diaspora.arhivi.lv\/jaunagaita\/wp-content\/uploads\/2025\/10\/LNA_LVA_F2253_1-v_47-3.-lp.-Valters-Nollendorfs-Minstere-II-Riga-konferences-atklasana-1991.-gads.jpg 1319w\" sizes=\"auto, (max-width: 680px) 100vw, 680px\" \/><\/figure><div class=\"wp-block-media-text__content\">\n<p class=\"has-text-align-center has-foreground-color has-text-color has-link-color has-medium-font-size wp-elements-157db2c6fc9b0caf5f9f45acd2f67225\"><strong>Intervija ar \u017eurn\u0101la izveidot\u0101ju Valteru Nollendorfu &#8211; iepaz\u012b\u0161an\u0101s ar Aivaru Ru\u0146\u0123i, \u017eurn\u0101la izveido\u0161ana un t\u0101 prezent\u0113\u0161ana ALJA kongres\u0101 1955. gada septembr\u012b.<\/strong><\/p>\n\n\n\n<p><\/p>\n\n\n\n<figure class=\"wp-block-audio\"><audio controls src=\"https:\/\/diaspora.arhivi.lv\/jaunagaita\/wp-content\/uploads\/2025\/10\/Intervija-ar-Valteru-Nollendorfu-korigets.mp3\"><\/audio><\/figure>\n\n\n\n<p><\/p>\n\n\n\n<p><\/p>\n\n\n\n<p><\/p>\n\n\n\n<p><\/p>\n\n\n\n<p><\/p>\n\n\n\n<p class=\"has-foreground-color has-text-color has-link-color has-x-small-font-size wp-elements-4c0f6173fdae1e74aadde41eba12ae9f\">Foto: Valters Nollendorfs &#8220;Minstere II &#8211; R\u012bga&#8221; konferences atkl\u0101\u0161an\u0101, 1991. gads.  Avots: LNA_LVA_F2253_1-v_47, 3. lp. <\/p>\n<\/div><\/div>\n\n\n\n<p class=\"has-text-align-center has-foreground-color has-text-color has-link-color has-medium-font-size wp-elements-dfaa3175bcecb8ae81dcc24c8bfe86c3\"><\/p>\n\n\n\n<h2 class=\"wp-block-heading\">Par \u017eurn\u0101lu vair\u0101k lasiet:<\/h2>\n\n\n\n<p class=\"has-text-align-center\"><\/p>\n\n\n\n<div class=\"wp-block-columns is-layout-flex wp-container-core-columns-is-layout-28f84493 wp-block-columns-is-layout-flex\">\n<div class=\"wp-block-column is-layout-flow wp-block-column-is-layout-flow\">\n<figure class=\"wp-block-image size-large\"><a href=\"https:\/\/diaspora.arhivi.lv\/jaunagaita\/kodols\/\"><img loading=\"lazy\" decoding=\"async\" width=\"1024\" height=\"724\" src=\"https:\/\/diaspora.arhivi.lv\/jaunagaita\/wp-content\/uploads\/2025\/10\/4-3-1024x724.jpg\" alt=\"\" class=\"wp-image-585\" srcset=\"https:\/\/diaspora.arhivi.lv\/jaunagaita\/wp-content\/uploads\/2025\/10\/4-3-1024x724.jpg 1024w, https:\/\/diaspora.arhivi.lv\/jaunagaita\/wp-content\/uploads\/2025\/10\/4-3-300x212.jpg 300w, https:\/\/diaspora.arhivi.lv\/jaunagaita\/wp-content\/uploads\/2025\/10\/4-3-2000x1414.jpg 2000w\" sizes=\"auto, (max-width: 1024px) 100vw, 1024px\" \/><\/a><\/figure>\n<\/div>\n\n\n\n<div class=\"wp-block-column is-layout-flow wp-block-column-is-layout-flow\">\n<figure class=\"wp-block-image size-large\"><a href=\"https:\/\/diaspora.arhivi.lv\/jaunagaita\/saturs\/\"><img loading=\"lazy\" decoding=\"async\" width=\"1024\" height=\"724\" src=\"https:\/\/diaspora.arhivi.lv\/jaunagaita\/wp-content\/uploads\/2025\/10\/3-3-1024x724.jpg\" alt=\"\" class=\"wp-image-578\" srcset=\"https:\/\/diaspora.arhivi.lv\/jaunagaita\/wp-content\/uploads\/2025\/10\/3-3-1024x724.jpg 1024w, https:\/\/diaspora.arhivi.lv\/jaunagaita\/wp-content\/uploads\/2025\/10\/3-3-300x212.jpg 300w, https:\/\/diaspora.arhivi.lv\/jaunagaita\/wp-content\/uploads\/2025\/10\/3-3-2000x1414.jpg 2000w\" sizes=\"auto, (max-width: 1024px) 100vw, 1024px\" \/><\/a><\/figure>\n<\/div>\n<\/div>\n\n\n\n<div class=\"wp-block-columns is-layout-flex wp-container-core-columns-is-layout-28f84493 wp-block-columns-is-layout-flex\">\n<div class=\"wp-block-column is-layout-flow wp-block-column-is-layout-flow\">\n<figure class=\"wp-block-image size-large\"><a href=\"https:\/\/diaspora.arhivi.lv\/jaunagaita\/makslinieciska-apdare\/\"><img loading=\"lazy\" decoding=\"async\" width=\"1024\" height=\"724\" src=\"https:\/\/diaspora.arhivi.lv\/jaunagaita\/wp-content\/uploads\/2025\/10\/6-1-1024x724.jpg\" alt=\"\" class=\"wp-image-579\" srcset=\"https:\/\/diaspora.arhivi.lv\/jaunagaita\/wp-content\/uploads\/2025\/10\/6-1-1024x724.jpg 1024w, https:\/\/diaspora.arhivi.lv\/jaunagaita\/wp-content\/uploads\/2025\/10\/6-1-300x212.jpg 300w, https:\/\/diaspora.arhivi.lv\/jaunagaita\/wp-content\/uploads\/2025\/10\/6-1-2000x1414.jpg 2000w\" sizes=\"auto, (max-width: 1024px) 100vw, 1024px\" \/><\/a><\/figure>\n<\/div>\n\n\n\n<div class=\"wp-block-column is-layout-flow wp-block-column-is-layout-flow\">\n<figure class=\"wp-block-image size-large\"><a href=\"https:\/\/diaspora.arhivi.lv\/jaunagaita\/aktivitates\/\"><img loading=\"lazy\" decoding=\"async\" width=\"1024\" height=\"724\" src=\"https:\/\/diaspora.arhivi.lv\/jaunagaita\/wp-content\/uploads\/2025\/10\/5-2-1024x724.jpg\" alt=\"\" class=\"wp-image-580\" srcset=\"https:\/\/diaspora.arhivi.lv\/jaunagaita\/wp-content\/uploads\/2025\/10\/5-2-1024x724.jpg 1024w, https:\/\/diaspora.arhivi.lv\/jaunagaita\/wp-content\/uploads\/2025\/10\/5-2-300x212.jpg 300w, https:\/\/diaspora.arhivi.lv\/jaunagaita\/wp-content\/uploads\/2025\/10\/5-2-2000x1414.jpg 2000w\" sizes=\"auto, (max-width: 1024px) 100vw, 1024px\" \/><\/a><\/figure>\n<\/div>\n<\/div>\n\n\n\n<div class=\"wp-block-columns is-layout-flex wp-container-core-columns-is-layout-28f84493 wp-block-columns-is-layout-flex\">\n<div class=\"wp-block-column is-layout-flow wp-block-column-is-layout-flow\">\n<figure class=\"wp-block-image aligncenter size-large is-resized\"><a href=\"https:\/\/diaspora.arhivi.lv\/jaunagaita\/par-izstadi\/\"><img loading=\"lazy\" decoding=\"async\" width=\"1024\" height=\"724\" src=\"https:\/\/diaspora.arhivi.lv\/jaunagaita\/wp-content\/uploads\/2025\/10\/Saturs-1-1024x724.jpg\" alt=\"\" class=\"wp-image-581\" style=\"width:593px;height:auto\" srcset=\"https:\/\/diaspora.arhivi.lv\/jaunagaita\/wp-content\/uploads\/2025\/10\/Saturs-1-1024x724.jpg 1024w, https:\/\/diaspora.arhivi.lv\/jaunagaita\/wp-content\/uploads\/2025\/10\/Saturs-1-300x212.jpg 300w, https:\/\/diaspora.arhivi.lv\/jaunagaita\/wp-content\/uploads\/2025\/10\/Saturs-1-2000x1414.jpg 2000w\" sizes=\"auto, (max-width: 1024px) 100vw, 1024px\" \/><\/a><\/figure>\n<\/div>\n<\/div>\n\n\n\n<div class=\"wp-block-columns is-layout-flex wp-container-core-columns-is-layout-28f84493 wp-block-columns-is-layout-flex\">\n<div class=\"wp-block-column is-layout-flow wp-block-column-is-layout-flow\" style=\"flex-basis:100%\">\n<div class=\"wp-block-columns is-layout-flex wp-container-core-columns-is-layout-28f84493 wp-block-columns-is-layout-flex\">\n<div class=\"wp-block-column is-layout-flow wp-block-column-is-layout-flow\"><\/div>\n\n\n\n<div class=\"wp-block-column is-layout-flow wp-block-column-is-layout-flow\"><\/div>\n\n\n\n<div class=\"wp-block-column is-layout-flow wp-block-column-is-layout-flow\"><\/div>\n<\/div>\n<\/div>\n<\/div>\n\n\n\n<h2 class=\"wp-block-heading\"><em>Jaun\u0101s Gaitas<\/em> 70. gadsk\u0101rtai velt\u012bt\u0101 Latvijas Nacion\u0101l\u0101 arh\u012bva liter\u0101r\u0101 koktei\u013ca diskusija 2025. gada 5. novembr\u012b<\/h2>\n\n\n\n<p><mark style=\"background-color:rgba(0, 0, 0, 0)\" class=\"has-inline-color has-foreground-color\">Diskusij\u0101 piedal\u0101s gr\u0101matzin\u0101tnieks Viesturs Zanders, literat\u016brzin\u0101tniece Inguna Daukste-Silaspro\u0123e, v\u0113sturnieks un \u017eurn\u0101la <em>Domuz\u012bme <\/em>p\u0101rst\u0101vis M\u0101rti\u0146\u0161 Mintaurs, literat\u016brkriti\u0137e, izdevniec\u012bbas un liter\u0101r\u0101 m\u0113ne\u0161raksta <em>Karogs <\/em>(1940-2010) bijus\u012b galven\u0101 redaktore Ieva Kolmane. Diskusijas moderatore Latvijas Nacion\u0101l\u0101 arh\u012bva eksperte Agnija Lesni\u010denoka. Diskusijas m\u0113r\u0137is \u2013 atskat\u012bties uz <em>Jaun\u0101s Gaitas<\/em> noz\u012bmi un sabiedrisko pienesumu trimdas un m\u016bsdienu kult\u016bras dz\u012bv\u0113.<\/mark><\/p>\n\n\n\n<figure class=\"wp-block-video\"><video height=\"480\" style=\"aspect-ratio: 848 \/ 480;\" width=\"848\" controls src=\"https:\/\/diaspora.arhivi.lv\/jaunagaita\/wp-content\/uploads\/2025\/11\/WhatsApp-Video-2025-11-06-at-19.10.12.mp4\"><\/video><\/figure>\n\n\n\n<p><\/p>\n\n\n\n<p><\/p>\n","protected":false},"excerpt":{"rendered":"<p>\u017dURN\u0100LA DZIM\u0160ANA Jaun\u0101 Gaita ir \u017eurn\u0101ls, kas vienm\u0113r mekl\u0113jis jaunus gar\u012bgus apv\u0101r\u0161\u0146us, kam nav bailes no jaun\u0101m idej\u0101m un neparastiem izteiksmes l\u012bdzek\u013ciem. \u017durn\u0101la pirmais numurs tika iespiests 1955. gada septembra s\u0101kum\u0101 Augstuma \u0123imenes spiestuv\u0113 Linkoln\u0101 un ofici\u0101li prezent\u0113ts da\u017eas dienas v\u0113l\u0101k Amerikas Latvie\u0161u jaunatnes apvien\u012bbas (ALJA) kongres\u0101 Kl\u012bvlend\u0101. T\u0101 tap\u0161anas pirms\u0101kumi saist\u0101mi ar divu ap\u0146\u0113m\u012bgu &hellip; <\/p>\n<p class=\"link-more\"><a href=\"https:\/\/diaspora.arhivi.lv\/jaunagaita\/\" class=\"more-link\">Read more<span class=\"screen-reader-text\"> &#8220;&#8221;<\/span><\/a><\/p>\n","protected":false},"author":1,"featured_media":0,"parent":0,"menu_order":0,"comment_status":"closed","ping_status":"open","template":"","meta":{"footnotes":""},"class_list":["post-2","page","type-page","status-publish","hentry"],"_links":{"self":[{"href":"https:\/\/diaspora.arhivi.lv\/jaunagaita\/wp-json\/wp\/v2\/pages\/2","targetHints":{"allow":["GET"]}}],"collection":[{"href":"https:\/\/diaspora.arhivi.lv\/jaunagaita\/wp-json\/wp\/v2\/pages"}],"about":[{"href":"https:\/\/diaspora.arhivi.lv\/jaunagaita\/wp-json\/wp\/v2\/types\/page"}],"author":[{"embeddable":true,"href":"https:\/\/diaspora.arhivi.lv\/jaunagaita\/wp-json\/wp\/v2\/users\/1"}],"replies":[{"embeddable":true,"href":"https:\/\/diaspora.arhivi.lv\/jaunagaita\/wp-json\/wp\/v2\/comments?post=2"}],"version-history":[{"count":81,"href":"https:\/\/diaspora.arhivi.lv\/jaunagaita\/wp-json\/wp\/v2\/pages\/2\/revisions"}],"predecessor-version":[{"id":934,"href":"https:\/\/diaspora.arhivi.lv\/jaunagaita\/wp-json\/wp\/v2\/pages\/2\/revisions\/934"}],"wp:attachment":[{"href":"https:\/\/diaspora.arhivi.lv\/jaunagaita\/wp-json\/wp\/v2\/media?parent=2"}],"curies":[{"name":"wp","href":"https:\/\/api.w.org\/{rel}","templated":true}]}}